{"id":3670,"date":"2020-10-28T00:00:08","date_gmt":"2020-10-27T21:00:08","guid":{"rendered":"https:\/\/www.ilknurkirtasiye.com\/?post_type=product&amp;p=3670"},"modified":"2020-10-28T00:00:08","modified_gmt":"2020-10-27T21:00:08","slug":"yazici-seridi-epson-lq-800-lx-300350-printpen","status":"publish","type":"product","link":"https:\/\/www.sokekirtasiye.com\/?product=yazici-seridi-epson-lq-800-lx-300350-printpen","title":{"rendered":"Yaz\u0131c\u0131 \u015eeridi Epson LQ-800 &#038; LX-300,350\/ Printpen 11080"},"content":{"rendered":"<h4 class=\"umol\">Uyumlu Modeller<\/h4>\n<table class=\"modellist\" border=\"0\" width=\"100%\">\n<tbody>\n<tr>\n<td class=\"maintitle\" colspan=\"2\">EPSON<\/td>\n<\/tr>\n<tr>\n<td width=\"200\">7753, S015021<\/td>\n<td>3000 ActionPrinter, 4000 ActionPrinter, 5000 ActionPrinter, 5000 Plus ActionPrinter, ActionPrinter 3000, ActionPrinter 4000, ActionPrinter 5000, ActionPrinter 5000 Plus, ActionPrinter L-1000, Apex L-1000, ERC-19, L-1000 ActionPrinter, LQ-200, LQ-300 Color Ptr, LQ-300 Plus, LQ-300+ II Color Option, LQ-350, LQ-400, LQ-450, LQ-500, LQ-510, LQ-550, LQ-570, LQ-570 Plus, LQ-570e, LQ-580, LQ-800, LQ-850, LQ-850 Plus, LQ-870, P88EA \u2013 LQ800<\/td>\n<\/tr>\n<tr>\n<td class=\"maintitle\" colspan=\"2\">EPSON<\/td>\n<\/tr>\n<tr>\n<td width=\"200\">8750, S015019, S015073, S015631, S015637<\/td>\n<td>2000 ActionPrinter, 3210, 3310, ActionPrinter 2000, ActionPrinter Apex 80, ActionPrinter T-1000, Apex 1000, Apex 80, Apex T-1000, CTM F-80, ERC-04, FX 70, FX 70 Plus, FX 80, FX 80 II, FX 80 Plus, FX 800, FX 85, FX 850, FX 86 E, FX 870, FX 880, FX 880 Plus, JX-80 Color Ptr., LX 300 +, LX 300 Color Ptr, LX 350, LX 400, LX 800, LX 810, LX 850, LX-300+ II Color Option, M 3210, M 3310, MX 70, MX 80, MX 80 F\/T, MX 80 F\/T II, MX 80 F\/T III, MX 80 II, MX 80 III, MX 82, MX 82 F\/T III, MX 85, MX 90, P80RA \u2013 RX80, RX 70, RX 80, RX 80 F\/T, RX 80 F\/T Plus, T-1000 ActionPrinter, X 10<\/td>\n<\/tr>\n<tr>\n<td class=\"maintitle\" colspan=\"2\">CITIZEN<\/td>\n<\/tr>\n<tr>\n<td width=\"200\"><\/td>\n<td>124, HQP-40, Prodot 24, Tribute 124, AL10, HSP 500 Color Ptr, MSP 10, MSP 10 E, MSP 20, MSP 20 E, MSP 40, MSP 50 Color Ptr, Prodot 9<\/td>\n<\/tr>\n<tr>\n<td class=\"maintitle\" colspan=\"2\">COMPUPRINT<\/td>\n<\/tr>\n<tr>\n<td width=\"200\"><\/td>\n<td>4\/14, 4\/24N, 924 N, 924 N Plus, 4\/12, 4\/22, 922 N, 922 N Plus<\/td>\n<\/tr>\n<tr>\n<td class=\"maintitle\" colspan=\"2\">HONEYWELL<\/td>\n<\/tr>\n<tr>\n<td width=\"200\"><\/td>\n<td>4\/24N, 924 N, 924 N Plus, Italia 4\/24N, PRT 4282, PRT 9282, 4\/12, 4\/20, 4\/22, 922 N, 922 N Plus, Italia 4\/20, Italia 4\/22, Model 20, PRT 4142, PRT 4201, PRT 4202, PRT 4204, PRT 4222, PRT 9222, PRU 4201, PRU 4202, PRU 4203, PRU 4204, PRU 7180, PRU 7181, PRU 7182<\/td>\n<\/tr>\n<tr>\n<td class=\"maintitle\" colspan=\"2\">HP<\/td>\n<\/tr>\n<tr>\n<td width=\"200\"><\/td>\n<td>82905A, 82905B, 82906A , 92156A<\/td>\n<\/tr>\n<\/tbody>\n<\/table>\n<p>&nbsp;<\/p>\n","protected":false},"excerpt":{"rendered":"<p>Uyumlu Modeller EPSON 7753, S015021 3000 ActionPrinter, 4000 ActionPrinter, 5000 ActionPrinter, 5000 Plus ActionPrinter, ActionPrinter 3000, ActionPrinter 4000, ActionPrinter 5000,<\/p>\n","protected":false},"featured_media":7983,"comment_status":"open","ping_status":"closed","template":"","meta":{"advanced_seo_description":"","jetpack_seo_html_title":"","jetpack_seo_noindex":false,"_joinchat":[]},"product_brand":[],"product_cat":[603,567],"product_tag":[],"class_list":{"0":"post-3670","1":"product","2":"type-product","3":"status-publish","4":"has-post-thumbnail","6":"product_cat-serit","7":"product_cat-yazici-aksesuari","9":"first","10":"instock","11":"sale","12":"purchasable","13":"product-type-simple"},"jetpack_sharing_enabled":true,"_links":{"self":[{"href":"https:\/\/www.sokekirtasiye.com\/index.php?rest_route=\/wp\/v2\/product\/3670","targetHints":{"allow":["GET"]}}],"collection":[{"href":"https:\/\/www.sokekirtasiye.com\/index.php?rest_route=\/wp\/v2\/product"}],"about":[{"href":"https:\/\/www.sokekirtasiye.com\/index.php?rest_route=\/wp\/v2\/types\/product"}],"replies":[{"embeddable":true,"href":"https:\/\/www.sokekirtasiye.com\/index.php?rest_route=%2Fwp%2Fv2%2Fcomments&post=3670"}],"version-history":[{"count":0,"href":"https:\/\/www.sokekirtasiye.com\/index.php?rest_route=\/wp\/v2\/product\/3670\/revisions"}],"wp:featuredmedia":[{"embeddable":true,"href":"https:\/\/www.sokekirtasiye.com\/index.php?rest_route=\/wp\/v2\/media\/7983"}],"wp:attachment":[{"href":"https:\/\/www.sokekirtasiye.com\/index.php?rest_route=%2Fwp%2Fv2%2Fmedia&parent=3670"}],"wp:term":[{"taxonomy":"product_brand","embeddable":true,"href":"https:\/\/www.sokekirtasiye.com\/index.php?rest_route=%2Fwp%2Fv2%2Fproduct_brand&post=3670"},{"taxonomy":"product_cat","embeddable":true,"href":"https:\/\/www.sokekirtasiye.com\/index.php?rest_route=%2Fwp%2Fv2%2Fproduct_cat&post=3670"},{"taxonomy":"product_tag","embeddable":true,"href":"https:\/\/www.sokekirtasiye.com\/index.php?rest_route=%2Fwp%2Fv2%2Fproduct_tag&post=3670"}],"curies":[{"name":"wp","href":"https:\/\/api.w.org\/{rel}","templated":true}]}}