{"id":8639,"date":"2020-10-18T17:18:02","date_gmt":"2020-10-18T14:18:02","guid":{"rendered":"https:\/\/www.ilknurkirtasiye.com\/?post_type=product&#038;p=3140"},"modified":"2025-09-19T11:13:38","modified_gmt":"2025-09-19T11:13:38","slug":"pensan-1010-tukenmez-kalem-1-mm-siyah","status":"publish","type":"product","link":"https:\/\/www.sokekirtasiye.com\/?product=pensan-1010-tukenmez-kalem-1-mm-siyah","title":{"rendered":"Pensan 1010 T\u00fckenmez Kalem 1 Mm Siyah"},"content":{"rendered":"<ul class=\"check-list\">\n<li>\n<h5><strong>Ofis Pen <\/strong>T\u00dcKENMEZ KALEMLER<\/h5>\n<\/li>\n<li>\n<h5>\u00a0SS Ball 1.0 mm<\/h5>\n<\/li>\n<li>\n<h5>\u00a0Kaliteli \u0130svi\u00e7re yap\u0131m\u0131 nikel-g\u00fcm\u00fc\u015f u\u00e7<\/h5>\n<\/li>\n<li>\n<h5>\u00a0M\u00fckemmel yaz\u0131m ve \u00e7izim kalitesi<\/h5>\n<\/li>\n<li>\n<h5>\u00a0D\u00f6k\u00fcman kullan\u0131m\u0131na uygun<\/h5>\n<\/li>\n<li>\n<h5>\u00a0Ekstra d\u00fc\u015f\u00fck ak\u0131\u015fkanl\u0131 m\u00fcrekkep<\/h5>\n<\/li>\n<li>\n<h5>Pensan Ofispen \u0130svi\u00e7re yap\u0131m\u0131 nikel-g\u00fcm\u00fc\u015f u\u00e7 ile hem kaliteli bir yaz\u0131m sa\u011flar hem de uzun s\u00fcre dayan\u0131r. Ekstra d\u00fc\u015f\u00fck ak\u0131\u015fkanl\u0131 m\u00fcrekkebi ile yaz\u0131lar\u0131n\u0131z da\u011f\u0131lmaz ve daha uzun s\u00fcreli dayan\u0131kl\u0131l\u0131k g\u00f6sterir. Konforlu ve ergonomik bir tutu\u015f i\u00e7in alt\u0131gen bir tasar\u0131ma sahiptir. Konfor, sadelik ve y\u00fcksek performans arayan t\u00fcketicilerimizi Pensan Ofispen\u2019in modern tarz\u0131 ile bulu\u015fturuyoruz.<\/h5>\n<\/li>\n<\/ul>\n","protected":false},"excerpt":{"rendered":"<p>Ofis Pen T\u00dcKENMEZ KALEMLER \u00a0SS Ball 1.0 mm \u00a0Kaliteli \u0130svi\u00e7re yap\u0131m\u0131 nikel-g\u00fcm\u00fc\u015f u\u00e7 \u00a0M\u00fckemmel yaz\u0131m ve \u00e7izim kalitesi \u00a0D\u00f6k\u00fcman kullan\u0131m\u0131na<\/p>\n","protected":false},"featured_media":8443,"comment_status":"open","ping_status":"closed","template":"","meta":{"advanced_seo_description":"","jetpack_seo_html_title":"","jetpack_seo_noindex":false,"_joinchat":[]},"product_brand":[],"product_cat":[513,558],"product_tag":[],"class_list":{"0":"post-8639","1":"product","2":"type-product","3":"status-publish","4":"has-post-thumbnail","6":"product_cat-kalem","7":"product_cat-tukenmez-kalem","9":"first","10":"instock","11":"taxable","12":"shipping-taxable","13":"purchasable","14":"product-type-simple"},"jetpack_sharing_enabled":true,"_links":{"self":[{"href":"https:\/\/www.sokekirtasiye.com\/index.php?rest_route=\/wp\/v2\/product\/8639","targetHints":{"allow":["GET"]}}],"collection":[{"href":"https:\/\/www.sokekirtasiye.com\/index.php?rest_route=\/wp\/v2\/product"}],"about":[{"href":"https:\/\/www.sokekirtasiye.com\/index.php?rest_route=\/wp\/v2\/types\/product"}],"replies":[{"embeddable":true,"href":"https:\/\/www.sokekirtasiye.com\/index.php?rest_route=%2Fwp%2Fv2%2Fcomments&post=8639"}],"version-history":[{"count":1,"href":"https:\/\/www.sokekirtasiye.com\/index.php?rest_route=\/wp\/v2\/product\/8639\/revisions"}],"predecessor-version":[{"id":15712,"href":"https:\/\/www.sokekirtasiye.com\/index.php?rest_route=\/wp\/v2\/product\/8639\/revisions\/15712"}],"wp:featuredmedia":[{"embeddable":true,"href":"https:\/\/www.sokekirtasiye.com\/index.php?rest_route=\/wp\/v2\/media\/8443"}],"wp:attachment":[{"href":"https:\/\/www.sokekirtasiye.com\/index.php?rest_route=%2Fwp%2Fv2%2Fmedia&parent=8639"}],"wp:term":[{"taxonomy":"product_brand","embeddable":true,"href":"https:\/\/www.sokekirtasiye.com\/index.php?rest_route=%2Fwp%2Fv2%2Fproduct_brand&post=8639"},{"taxonomy":"product_cat","embeddable":true,"href":"https:\/\/www.sokekirtasiye.com\/index.php?rest_route=%2Fwp%2Fv2%2Fproduct_cat&post=8639"},{"taxonomy":"product_tag","embeddable":true,"href":"https:\/\/www.sokekirtasiye.com\/index.php?rest_route=%2Fwp%2Fv2%2Fproduct_tag&post=8639"}],"curies":[{"name":"wp","href":"https:\/\/api.w.org\/{rel}","templated":true}]}}